ber?
True
Let c be (3 + -3)/(4 + (-4 - 1)). Let n = 6 + -8. Is 28*5 - (n + c) a prime number?
False
Let b be (-274)/(6/(-9) + 0) - -4. Suppose 0 = 4*z - 2293 - b. Is z a composite number?
False
Let q = -44 + 68. Suppose 0 = 3*r - 0*r - q. Suppose 0 = 3*a + 4 + r, -z + 419 = 2*a. Is z prime?
False
Let d = -31524 + 157343. Is d composite?
True
Is ((-154672)/336)/(2/(-78)) prime?
False
Suppose -3*i = -2*s + 4, -2*s - 7*i + 4 = -3*i. Suppose -12*l - s*n = -7*l - 12209, -7327 = -3*l - 2*n. Is l a prime number?
True
Let o = 174 - 112. Let q = 142 - o. Let p = q + -18. Is p a prime number?
False
Suppose 0 = 2*u - 265 - 1459. Let r(v) = 31*v**2 + 147*v + 2. Let n be r(7). Suppose 0 = -4*j + u + n. Is j a prime number?
True
Let z = -189784 + 282425. Is z a composite number?
False
Suppose 42*t - 59*t = -272. Is ((-17812)/t)/((-6)/24) composite?
True
Is (537590/(-20))/(-1 + (-3)/(-6)) a composite number?
False
Suppose -5*c + 19 = 3*i, -2*i - 20 = -4*c - 6*i. Suppose b + 2778 = c*y - 3*b, -5580 = -4*y + 2*b. Is y a composite number?
True
Let a(m) = -m**3 + 19*m**2 + 61*m + 33. Let l be ((-11)/(55/(-2)))/(1/65). Let u be a(l). Let v = 4366 + u. Is v a composite number?
True
Let y = -214701 + 369252. Is y composite?
True
Let g(l) = 1011*l + 634. Is g(33) a composite number?
False
Let f be 396/(3 + 1) + 5. Suppose -f + 814 = 2*s. Is s composite?
True
Let g = 318131 - 97630. Is g prime?
False
Let p(r) = r**2 + 17*r + 4. Let f be p(0). Is f/18 - (-1468250)/450 composite?
True
Let o be (1 - 2 - (-4)/(-12))*-3. Suppose 6919 = o*a - 17733. Is a a prime number?
True
Let b = 0 - -9. Suppose -9*f + 6*f = -b. Suppose 0 = -2*r + f*l + 283, -4*r + 3*l + 668 = 99. Is r a prime number?
False
Let g(f) = f**2 - 2*f - 6. Let p be (2 + -7)/(6/2)*-3. Let t be g(p). Suppose t*c + 24 = 1923. Is c prime?
True
Let h = 193 - 182. Suppose h*r - 48686 = -11737. Is r a prime number?
True
Let l(t) = -312*t + 13. Let r(d) = -2*d. Let s(k) = l(k) - 6*r(k). Is s(-8) prime?
False
Let k(f) = -8*f + 2. Let w be k(0). Is (4/(-3))/w - (-7739)/3 composite?
False
Let z(x) = 358*x**3 - 4*x**2 - 43*x + 30. Is z(7) a prime number?
True
Suppose 22*b = 200983 - 40977. Suppose 83*m - 76*m - b = 0. Is m composite?
False
Let y = 29784 + 1246. Let v = y - 21741. Is v a prime number?
False
Suppose 258*k - 41*k + 8603707 = 127255184. Is k a composite number?
False
Let v be 34/((22/690)/11). Let z = v + -3269. Is z prime?
True
Suppose -3*m - 7623 = w - 25010, -w + m = -17403. Is w composite?
True
Let t(i) = 31*i - 4. Suppose -7*n + 3*n + 20 = 0. Suppose 2*r - c - 4 = -2*c, -25 = -n*r + 5*c. Is t(r) prime?
True
Let a(m) = -7820*m - 2041. Is a(-28) composite?
False
Suppose -65*g = -240920 - 449835. Is g composite?
False
Let c be (-2)/(-4)*(2 + -4)*283. Let h = c - -109. Let f = 119 - h. Is f a composite number?
False
Suppose 0 = k + 4*l - 833247, 731 = -2*l + 733. Is k prime?
False
Let u = 119 - 107. Let n(j) = 267*j + 55. Is n(u) composite?
False
Let k(z) = -z + 14 + 11 - 17. Let q be k(-4). Let f(v) = v**3 + 6*v**2 - 12*v - 11. Is f(q) a prime number?
True
Let a(v) = 17955*v**2 + 1505*v - 8. Is a(-6) prime?
False
Let u be (-1)/4 + (-15)/(-12) - -5. Suppose 0*q + q = u. Is -1*(-110 + q/(-2)) prime?
True
Let q(p) = -564*p + 50. Let v be q(-4). Is v - ((-18)/3)/6 a prime number?
False
Let k be 10/4*(-1)/1*2. Let o be (-6)/(-15) + ((-2318)/k)/1. Let n = 1021 - o. Is n prime?
True
Is -5 + (-2790)/(-15)*799 composite?
False
Let y be 3/2*(-16)/(-6). Suppose y*i = 5*i - 275. Let j = i + -144. Is j composite?
False
Let h(q) = -1179*q + 6743. Is h(-12) prime?
False
Let i be -27 + ((-8)/12)/(-2)*-3. Let a = -25 - i. Suppose 4*r = -2*f + 810, 4*f + 2*r + a*r = 1626. Is f a composite number?
False
Suppose -4*c + 4*x = 4, -1 = 3*c + 4*x - 5. Let l = c + 5. Suppose -l*f + 565 = -0*f. Is f a composite number?
False
Let a(i) = 115*i - 4. Let z be a(2). Let b be -1*z*2/(-4). Let y = 406 - b. Is y prime?
True
Let u(w) be the third derivative of -4*w**6/15 - w**5/30 + w**4/24 + 5*w**3/6 - 19*w**2. Let a be 2 - 5*(-6)/(-5). Is u(a) a prime number?
True
Let r(x) = -x**2 - 35*x - 30. Let u be r(-18). Suppose u = t + 2*t. Suppose -6*q + 4*q + t = 0. Is q a prime number?
False
Suppose 0*o = -5*o + 40965. Suppose -25*m + 22*m = -4*u - 8263, 3*u = -m - 6181. Let a = o + u. Is a composite?
False
Is 0/((32/(-80))/((-3)/(-15))) + 20317 a prime number?
False
Let f be (-3)/6*(-2819456)/16. Suppose 5*t - w = f, -4*t - 9*w + 10*w + 70487 = 0. Is t prime?
False
Suppose -31*m + 147063 + 525296 = 0. Suppose 0 = 3*g - 26*g + m. Is g composite?
True
Suppose 89*y = 570*y - 139483747. Is y a prime number?
True
Let h = 1353695 - 207840. Is h a prime number?
False
Let q(b) = -3*b**3 - 12*b**3 + 16*b**3 + 2*b**2 + 26*b**2 - 33*b + 33. Is q(-29) a composite number?
False
Let m(k) = -606*k + 116. Let d be m(13). Let w = d + 34220. Is w prime?
False
Let w = -41 + 47. Let l be (11 - w) + (-1)/1. Suppose -3*u = -4*f + 5117, 0*f + f + l*u = 1303. Is f composite?
False
Suppose 2053185 = 158*w + 403533 - 437686. Is w a composite number?
True
Let b(a) = 3*a + 19. Let w be b(0). Suppose 3*u - 32 = w. Suppose 21*v = u*v + 796. Is v a composite number?
False
Suppose 5*b + 135 = 4*f, -5*b + 94 + 51 = 3*f. Suppose -100 = 5*w - f. Is (-2 - (-147)/(-6))/(3/w) composite?
True
Suppose 6*k + 7*k - 104 = 0. Suppose -2*h = -3*c + k, -h - 5*c - 8 = h. Is (-27467)/(-22) - 2/h*1 prime?
True
Suppose 17*m - 25051 - 5923 = 0. Let k = 2461 + m. Is k composite?
False
Suppose 2*x = 5*x + 8217. Let h(b) = -19*b - 914. Let m be h(-48). Is 4 - x - 1/(m/(-4)) composite?
False
Suppose 3 = 4*q + r, 3*r + 8 = -2*q - 3. Let h = 385 - 383. Suppose h*n + 1970 = 6*n + q*p, 4*p + 479 = n. Is n a composite number?
False
Suppose 31*x = 36*x - 687385. Is x composite?
False
Suppose -43*m = -134*m + 21629699. Is m prime?
True
Suppose -12 = -3*l, 4*l - 466 = -b + 1433. Is b prime?
False
Let a = -108792 + 224923. Is a composite?
False
Suppose 1579*g - 8556090 = 1549*g. Is g composite?
True
Suppose 2*l - 4*g - 12 = 0, 4*l - 1 = -4*g - 13. Suppose -3*m + 5*v + 2430 = l, -3*m = 2*v - 2859 + 408. Is m composite?
True
Let x = 24464 - 4233. Is x prime?
True
Suppose 0 = 4*x + 3*r - 6661, 1670 = -6*x + 7*x - 4*r. Is x - (2 - -1) - 0 composite?
False
Suppose -3 = -3*j, 18*n - 22*n + j + 27 = 0. Suppose 128 - 387 = -n*t. Is t a prime number?
True
Let z = 1159 + 1215. Suppose 16*q + z = -8938. Is (-7 + 1 - q)/((-2)/(-2)) composite?
False
Let u be (-8)/(-84) + 206/42. Suppose 4*q + 5*i + 4252 = u*q, 0 = -3*q + i + 12714. Is q prime?
False
Let m = 77 + -73. Suppose m*q = 509 + 383. Is q a composite number?
False
Is (-1)/((-5)/7)*(-65 - -397030) composite?
True
Let l = 211 + 1164. Suppose 0*s - l = 5*s. Let v = 406 + s. Is v composite?
False
Let x be (-6)/10 - (2 - 143/55). Suppose 10*m - 401445 - 113045 = x. Is m prime?
True
Let n = 413 + -293. Suppose 0*q + 10*q + n = 0. Let b(h) = -h**3 - 11*h**2 - 7*h - 7. Is b(q) prime?
False
Let p = 228 + -207. Suppose -p*g - 36132 = -33*g. Is g composite?
False
Let m be (2/(-6))/((-178)/30 + 6). Let a be 4/5 + 93/15 + m. Suppose 3*k = -4*g + 6995, 0 = 3*k - a*k + g - 2332. Is k composite?
False
Suppose -5*r = -10 - 35. Suppose r*o - 40103 = -13688. Is o composite?
True
Let q(y) = -10*y**3 + 56*y**2 - 84*y - 55. Is q(-19) composite?
True
Let c(u) = 13*u**3 + 13*u**2 - 6*u - 13. Let v(a) = 19*a**3 + 20*a**2 - 9*a - 18. Let i(j) = 7*c(j) - 5*v(j). Is i(-11) a composite number?
False
Suppose -704*p = -241*p - 17890783. Is p prime?
False
Let j be ((-2570)/25*1)/(1/(-5)). Suppose -5*v + 3268 = 3*m, 3*m + 3*v + j = 3784. Is m a prime number?
True
Suppose -37*a - 5293452 = -16405551. Is a a prime number?
False
Let t(b) = 4*b**2 + 8*b - 8. Let i(o) = -11*o**2 - 23*o + 23. Let g(q) = -3*i(q) - 8*t(q). Let h be g(-7). Suppose 12*j = h*j + 3639. Is j composite?
False
Let x(k) = 281*k - 198. Let g be x(29). Suppose -4882 = -2*v + 2*y + 402, -g = -3*v - 2*y. Is v prime?
True
Let b be (69/9 + -7)/(1/6). Suppose -8*u = -b*n - 9*u + 3187, 0 = u + 1. Is n a composite number?
False
Suppose -3*c - 91*r + 765101 = -87*r, c = -4*r + 255015. Is c prime?
True
Suppose -16 = q - 90. Let f(u) = q - 28 + 44*u + 205*u. Is f(5) a prime number?
True
Suppose -3*a = 4*i - 3980, 0*i + 3976 = 3*a + 5